0. What is the tens digit of d(a)?
6
Let c = 15 - 6. Let t = 339 - c. What is the hundreds digit of t?
3
Let v be 4/12*9 - (4 + -14). Suppose -v*f - 50 = -i - 11*f, 0 = -3*i + 4*f + 158. What is the units digit of i?
8
Suppose 2*s = 5*z + 89, 4*z + 119 = 2*s + 9*z. What is the tens digit of 52034/42 - s/(-546)?
3
Let d be (1 + -3)/(1*3/(-6)). Suppose -d*z - 5*m = -8, 4*z + 3*m - 4 = -m. What is the units digit of (-1*23)/(z*5/45)?
9
Let y be 0 + -3 + 3 + 0. Suppose 3*t - 791 - 1345 = y. What is the units digit of t?
2
Suppose 2*i - 1013 - 70 = -5*x, -1080 = -5*x - 5*i. Suppose -k + x = -73. Suppose 5*z = -4*a + k, 0*z = 4*z + a - 221. What is the tens digit of z?
5
Suppose 2*q - 31 = -19. Suppose -5*g + 4*r + 22 = 0, -2*r - q = -0. Suppose 2*z - 2*f - 24 = -2, -g*z + 3*f = -17. What is the units digit of z?
6
Let y = -1 + 6. Suppose -2*q = 3*q - g, 4*q + g = 0. Suppose 0*a + 541 = 5*b + a, y*b - a - 539 = q. What is the hundreds digit of b?
1
Suppose 77 = 10*d - 3*d. Let w = d + -63. Let u = 92 + w. What is the units digit of u?
0
Suppose 2*n = 3*r - 32, -5*r + 5 = -4*n - 45. Suppose w - r*w = -3471. What is the hundreds digit of w?
2
Let t(l) = 365*l + 14796. What is the thousands digit of t(28)?
5
Let p(w) = 4*w**3 - 554*w**2 - 92*w + 50. What is the hundreds digit of p(139)?
9
Let o(k) = 23*k - 64. Let c be o(4). Suppose 6048 = -21*v + c*v. What is the hundreds digit of v?
8
Let j be (509/(-2))/((182/28)/(-13)). What is the tens digit of -2 + 7 + -5 + j?
0
Let n(c) = -454 + 175 - 4*c - 317. Let v be n(0). What is the tens digit of v/12*(2/1 + -5)?
4
Let k = 57749 - 15439. What is the thousands digit of k?
2
Let y = 120196 - 54090. What is the hundreds digit of y?
1
Suppose v + n = -12 - 9, n = 5*v + 75. Let d be (v/(-6))/(10/105). Suppose -d*z = -32*z + 120. What is the units digit of z?
0
Suppose 9730 = 32*s - 34*s. Let g = -2115 - s. What is the units digit of g/18 - (-3 - (-200)/72)?
3
Suppose -9*o + 13*o = 12. Let p(h) = -5*h - 1 + 3*h + 35*h**o + 5*h - h**2. What is the tens digit of p(1)?
3
Suppose -21*f = -14*f. What is the tens digit of (f/1 - 5) + (896 - 1)?
9
Let g(m) = -22*m**3 + 2*m**2 - 2*m + 1. Let v be g(2). Suppose 2291 = -7*n - 22*n. Let h = n - v. What is the tens digit of h?
9
Let o(a) = a**3 - 28*a**2 - 2*a + 42. Let u(m) = 2*m**2 + 4*m - 2. Let y be u(3). Let v be o(y). Let s = v - -49. What is the tens digit of s?
3
Let q(t) = -102*t - 22. Let v = 72 - 67. Suppose 4*b + 8 = -3*u, -5*u + 8 = b - v*b. What is the units digit of q(b)?
2
Let c be 1*13*-9*(-6)/54. Let r be (-25)/(-130)*-110 + 2/c. Let u = r + 54. What is the units digit of u?
3
Let y = 19196 + -13980. What is the tens digit of y?
1
Suppose -c + 44 = 5*n + 7, -c - 3 = 0. Suppose 184 = -0*k + n*k. What is the tens digit of (9 + -6)*k/3?
2
Let j(o) = 62*o**2 - 9*o - 341. What is the thousands digit of j(12)?
8
Suppose 7*d - 162 = 265. Suppose 0 = -5*q + 25, 66*w - 3*q = d*w + 1080. What is the tens digit of w?
1
Let x(a) = -7 - 7 - a + 0*a**2 + 10*a - a**2. Let z be x(6). Suppose 0 = s - m - 83, -8*m + 341 = z*s - 3*m. What is the tens digit of s?
8
Suppose -6*a = -a + 5*n + 210, -a + n = 42. Let j = a + 47. Suppose 3*d - w - 50 = 0, -4*w + 6 - 101 = -j*d. What is the units digit of d?
5
Suppose -2*d + 6292 = 2*d. Suppose -2*f = -4*q - 3*f + 1262, -5*q = -f - d. Let o = -202 + q. What is the tens digit of o?
1
Let x be (-33)/1 - 3 - 3. Let o = -39 - x. What is the units digit of (-2626)/(-13) - (-1 + (-1 - o))?
4
What is the thousands digit of (96/36)/(-4*(-3)/11970)?
2
Let z(r) = 8542*r + 18. Let q be z(9). What is the tens digit of q/405 + 4/30?
9
Suppose -4*g - 35*y = -30*y - 28959, -y + 14475 = 2*g. What is the tens digit of g?
3
Let s = -91506 - -130291. What is the thousands digit of s?
8
Suppose 41223 = 9*k - 141693. What is the ten thousands digit of k?
2
Let o(r) = -927*r - 69. What is the tens digit of o(-6)?
9
Suppose 4*v - 19237 = 808*b - 803*b, -5*b + 4828 = v. What is the units digit of v?
3
Suppose 65*a - 76*a = -56738. What is the thousands digit of a?
5
Suppose 220178 = 11*i + 25841. What is the tens digit of i?
6
Let s(j) = -12*j**2 - 3*j. Let d be s(-3). Let w(o) = o**2 + 47*o - 486. Let i be w(10). Let l = i - d. What is the units digit of l?
3
Suppose 9*i - 191 = -38. Suppose -i*t + 36 = -14*t. What is the tens digit of ((-326)/8)/(-1*3/t)?
6
Let u(a) = -6341*a + 1605. What is the tens digit of u(-3)?
2
Let h(x) = 660*x + 800. What is the hundreds digit of h(9)?
7
Suppose -754*j + 3757708 = 263*j + 13114. What is the tens digit of j?
8
Suppose 194*u - 35883 = 203*u. Let w = u + 5783. What is the thousands digit of w?
1
Suppose 1281*s - 3156885 = 1208*s. What is the tens digit of s?
4
Let v(o) = -o**3 - 3*o**2 + 3*o + 7. Let z be v(-3). Let h be z + (-44)/(-28) - (-3296)/14. Suppose -h = -4*g + 205. What is the units digit of g?
0
Let d(q) = -6 - 5*q - 6 + 0*q - 4. Let b be d(-8). What is the units digit of b/(-5)*120/(-6)?
6
Suppose 11*a = 13 + 9. Suppose a*l - 2*n - 173 = 183, -534 = -3*l + n. What is the hundreds digit of l?
1
Suppose -5*x - 275830 = -100*q + 95*q, 5*x + 55146 = q. What is the tens digit of q?
7
Let o(c) = 2*c + 38. Suppose 0 = -3*m - 90 + 33. Let y be o(m). Suppose 2*w - 48 - 116 = y. What is the units digit of w?
2
Suppose 0 = -4*a - 4*b + 88, -2*a = b - 21 - 21. Let m(l) = 4*l**3 - 13*l**2 - 10*l - 7*l**3 + a + 4*l**3. What is the units digit of m(14)?
6
Let g(i) = -27*i - 25. Let u be g(-10). Suppose -5*f - 192 = -6*l + 5*l, -f = 5. Let k = u - l. What is the tens digit of k?
7
Let q(j) = 82*j**2 + 505*j + 126. What is the hundreds digit of q(-20)?
8
Let g be (36 + -36)/(-2 + 0). Suppose -18*h + g*h + 24444 = 0. What is the hundreds digit of h?
3
Let v = 58 + -51. Suppose 0 = -v*x + 2*x + 20. Suppose 2*z = -x*s + s + 143, 5*s + 151 = 2*z. What is the tens digit of z?
7
Suppose -4*h - 3*x + 52 = x, -h + 4*x = 12. Suppose -2*n = 35*n - 26307. Suppose h*f - n = -f. What is the tens digit of f?
7
Let n(i) = 15*i**2 + 29*i + 6. Suppose 0 = -k - 4*t + 7 + 1, -t + 15 = -3*k. What is the units digit of n(k)?
0
Let o be (-42)/56*(11 + 1). Let n = -28 + 16. What is the units digit of o/(-3)*(-68)/n?
7
Suppose -8*s = -0*s - 56. Suppose 5*h - 175 = 5*p, -3*h = -2*p - s*h - 88. Let u = p + 60. What is the units digit of u?
2
Let i be 12230/(-12) - 3/(-19 - -1). Let w = 1448 + i. What is the tens digit of w?
2
Let j(d) = 31*d**2 + 1012*d - 26. What is the hundreds digit of j(-50)?
8
Let d(c) = -366*c - 777. What is the hundreds digit of d(-73)?
9
Let r = -274 + 400. Let z = 5031 + -5043. Let m = r - z. What is the tens digit of m?
3
Suppose 5*a - 7839 = -y, -6*a = -y - 0*a + 7905. What is the thousands digit of y?
7
Let m be -5 - (0 + -341 + -4 - -5). Let i = 1369 - m. What is the hundreds digit of i?
0
Let o(j) = -j**2 - 89*j + 6. What is the thousands digit of o(-68)?
1
Let y(d) = 11*d**3 - 14*d**2 + 27*d - 18. What is the hundreds digit of y(9)?
1
Suppose -4*p + 302169 = q + 48072, 0 = -2*p + 3*q + 127059. Suppose 55*w - p = -0*w. What is the hundreds digit of w?
1
Let f(x) = -x. Let j be f(-2). Suppose 71 = j*m - 111. What is the units digit of m/39 - 2/(-3)?
3
Suppose 222770 = 27*i + 25645 - 107651. What is the hundreds digit of i?
2
Let x(a) = -729*a - 2535. What is the thousands digit of x(-57)?
9
Let z = 95 - 105. What is the hundreds digit of 9270/27*(2 - (-8)/z)?
4
Suppose -2*q = 4*j + 6, -2*q - 2 + 1 = -j. What is the units digit of (182/(-35))/(q/230) + 6?
2
Let i = -6129 - -18021. What is the thousands digit of i?
1
Let x be 2*-3*3133/(-26). Let p = -421 + x. What is the hundreds digit of p?
3
Suppose 5*j + 16*s - 20*s - 28886 = 0, s = -4*j + 23092. What is the tens digit of j?
7
Let g(b) = -12*b**3 - 68*b**2 - 3*b + 8. Suppose 5*d - 24 = 2*m, -m - 4*d + 2*d - 3 = 0. What is the hundreds digit of g(m)?
8
Suppose 233 = 6*n + 197. What is the hundreds digit of ((-1035)/n)/((-175)/40 - -4)?
4
Let y(l) = 1623*l + 2840. What is the units digit of y(27)?
1
Suppose 6*k - o = k + 31, 0 = 3*k + 5*o - 13. Let w be (1 - 8/k) + 196/84. Suppose w*n = -4*j + 340, -2*n - 155 = -3*n + 3*j. What is the units digit of n?
4
Suppose -3*d + 731 + 4 = 0. Let h(j) = -98 + 5*j + d - j**2 + j + j. What is the tens digit of h(0)?
4
Let t 